 -170?
1a72d
In base 5, what is -10442204213 + 2?
-10442204211
In base 14, what is 2 + -232a4ac?
-232a4aa
In base 7, what is 41552540 + 532?
41553402
In base 5, what is -400031 + 3222?
-341304
In base 16, what is -883b57 + 1?
-883b56
In base 12, what is 1349b2 + 59?
134a4b
In base 6, what is 13 + -20530543023?
-20530543010
In base 2, what is 1110100000100101000 + -101101?
1110100000011111011
In base 7, what is 130601436 + 14?
130601453
In base 3, what is 20 + 2021002220202?
2021002220222
In base 3, what is 211010002022202 - 111?
211010002022021
In base 10, what is -1 + -9079819?
-9079820
In base 8, what is 0 - -25071455?
25071455
In base 15, what is 47 - -cda9?
ce01
In base 11, what is 30612a6 + -23?
3061283
In base 4, what is 2 + -21020012233?
-21020012231
In base 5, what is -3422021 + -112?
-3422133
In base 11, what is 0 + -168a513?
-168a513
In base 5, what is 41341 + 1411224?
2003120
In base 11, what is -238937 + -1?
-238938
In base 11, what is -2014 - -1a88?
-37
In base 14, what is 6 + 6dd54a?
6dd552
In base 2, what is 1111111 - 101011110110010111000?
-101011110110000111001
In base 2, what is -100010010010111010 + 110000?
-100010010010001010
In base 9, what is -2 + -61433464?
-61433466
In base 6, what is -1 - -225522441?
225522440
In base 10, what is 4148369 + 2?
4148371
In base 9, what is -181237 - 56?
-181304
In base 9, what is -136458 - -4411?
-132047
In base 9, what is 7548650 - -3?
7548653
In base 13, what is 289 + 254a1?
2575a
In base 9, what is 886 + 514834?
515831
In base 13, what is -9 - -1657040?
1657034
In base 13, what is 50a - -15cca?
16507
In base 2, what is -11011111001 + 1001001011111?
101101100110
In base 16, what is 599e + -2a36?
2f68
In base 9, what is -22 + -14835136?
-14835158
In base 2, what is 10011 + -1000101010111011000111?
-1000101010111010110100
In base 8, what is 0 + 4300263?
4300263
In base 7, what is -2 + -311051035?
-311051040
In base 2, what is 10111101010010001 + 1100001?
10111101011110010
In base 2, what is -1101 - 111001100011001011?
-111001100011011000
In base 6, what is 1 + 10235214330?
10235214331
In base 3, what is -11 - -110021022001120?
110021022001102
In base 13, what is -1 + -36564a62?
-36564a63
In base 13, what is -a85050 - -38?
-a85015
In base 15, what is 1c0 + 35b1?
3781
In base 7, what is 0 + -4363664?
-4363664
In base 10, what is 3 + -95470957?
-95470954
In base 8, what is -246 + -1467731?
-1470177
In base 3, what is -1221110 + 102011121?
100020011
In base 15, what is 32 - 61258a?
-612558
In base 13, what is -249cb + -49?
-24a47
In base 12, what is -16a8911a - -4?
-16a89116
In base 8, what is -2 - -743170512?
743170510
In base 3, what is -1010 - 101022022100?
-101022100110
In base 4, what is 2 + 201211000?
201211002
In base 7, what is -2664353 + 14?
-2664336
In base 5, what is -14 - -142332401?
142332332
In base 13, what is -4a7b47 - 3?
-4a7b4a
In base 7, what is -602160060 - 1?
-602160061
In base 6, what is 525 - -351415?
352344
In base 12, what is -5 - -3978499?
3978494
In base 10, what is 2956728 + -76?
2956652
In base 5, what is -3 - -101402241?
101402233
In base 4, what is -11022122110003 - 10?
-11022122110013
In base 13, what is -214b5 - 151?
-21636
In base 15, what is -7457e8 - 10?
-745808
In base 16, what is -a411c + -193?
-a42af
In base 16, what is -152 - -1fa1e9?
1fa097
In base 14, what is 1345472b - -4?
13454731
In base 8, what is 2122 + 21452?
23574
In base 8, what is -4 + 10573516?
10573512
In base 4, what is -2 + 32022212221?
32022212213
In base 11, what is 2 + -540450?
-540449
In base 14, what is -232 + 5992?
5760
In base 7, what is 425 - 35655?
-35230
In base 16, what is -2 - 16e88ba1?
-16e88ba3
In base 16, what is 3317 - -42e?
3745
In base 9, what is -10 + 643503?
643483
In base 16, what is -6153 - 1ae?
-6301
In base 7, what is 435125506 - -20?
435125526
In base 16, what is -79 - 2507b2?
-25082b
In base 15, what is b38 - -1c32?
286a
In base 4, what is 11 + -20321300010?
-20321233333
In base 7, what is -316 - 13302455?
-13303104
In base 16, what is 10 - 12c75d2?
-12c75c2
In base 10, what is 2 - -157574852?
157574854
In base 12, what is 10989 - -1a0?
10b69
In base 5, what is 434414431 + 114?
434420100
In base 10, what is -236050 - 60?
-236110
In base 3, what is 1002222112 - -100220?
1010100102
In base 16, what is 196d5 - 3f?
19696
In base 12, what is -3875a - 264?
-38a02
In base 9, what is 288720772 - 4?
288720767
In base 5, what is 221041223 + 101?
221041324
In base 9, what is 81754870 - -2?
81754872
In base 12, what is 95763b + -13?
957628
In base 3, what is -20211020201121200 + 1?
-20211020201121122
In base 16, what is -7d1 + -578?
-d49
In base 10, what is -93 + -6116719?
-6116812
In base 10, what is 4 - 18696865?
-18696861
In base 6, what is -3232005 - -44?
-3231521
In base 9, what is -32808051 + 2?
-32808048
In base 2, what is 1011010010010111100110 - -1100?
1011010010010111110010
In base 4, what is 1 + -113022323233132?
-113022323233131
In base 4, what is 10 - 2212322022?
-2212322012
In base 7, what is 1603334525 + 10?
1603334535
In base 8, what is 176177445 - -2?
176177447
In base 8, what is 31 + 4307545?
4307576
In base 11, what is 721760 - -13?
721773
In base 13, what is 4 - 1c3455c?
-1c34558
In base 13, what is -3cbc672a + 2?
-3cbc6728
In base 10, what is 15127 - -124?
15251
In base 3, what is 10012202212 + -10110120?
10002022022
In base 6, what is 105024030 + -25?
105024001
In base 16, what is 26b2d4 - 3?
26b2d1
In base 9, what is 37870530 - 3?
37870526
In base 11, what is -517 - 539a?
-5906
In base 2, what is -11101111000001101 + -1111100011?
-11110000111110000
In base 16, what is 4 - -2a37d4?
2a37d8
In base 5, what is -40442114 - 141?
-40442310
In base 16, what is 0 + -2d20a?
-2d20a
In base 2, what is -1 + 1010100110011101100110110000?
1010100110011101100110101111
In base 12, what is 1b4a + -a4b5?
-8567
In base 7, what is 6103 + -643?
5130
In base 3, what is 12222 - 2111000020?
-2110210021
In base 9, what is 18 + -534753?
-534734
In base 5, what is -142 - 311343114?
-311343311
In base 3, what is -200 - 1111100220200?
-1111100221100
In base 10, what is 3 + -8726296?
-8726293
In base 2, what is 11011101011 + 100011000110?
111110110001
In base 4, what is 10011323331101 - -1?
10011323331102
In base 7, what is -125445 - -366?
-125046
In base 4, what is 102 - -1000130103?
1000130211
In base 3, what is -11 + -110021202201100?
-110021202201111
In base 14, what is 454 + 1c965?
1cdb9
In base 4, what is -1320303 - -211213?
-1103030
In base 8, what is 106 - 6036321?
-6036213
In base 8, what is 1 - 4523175?
-4523174
In base 6, what is 1252204422 - 44?
1252204334
In base 13, what is 5 + 804b59?
804b61
In base 4, what is -12 - -13210323110222?
13210323110210
In base 13, what is 40 - 8ca85?
-8ca45
In base 11, what is 61a74371 + 1?
61a74372
In base 16, what is -13d7a8a3 + -3?
-13d7a8a6
In base 15, what is -c271 + -12dc?
-d55d
In base 16, what is -23 + 1a5042e?
1a5040b
In base 4, what is 3 - 3221103000?
-3221102331
In base 3, what is 21 + 212012200210222?
212012200211020
In base 16, what is 5027 - 18d?
4e9a
In base 10, what is -392042 - 636?
-392678
In base 8, what is 610377 - -721?
611320
In base 10, what is -16083 + -2247?
-18330
In base 9, what is -1628 + 54883?
53254
In base 11, what is -177a - -1189?
-5a1
In base 11, what is -1 - 191102601?
-191102602
In base 7, what is 3552 - -234?
4116
In base 4, what is 23 + -130112212200?
-130112212111
In base 8, what is -15563 + -3601?
-21364
In base 12, what is -4a284 + -88?
-4a350
In base 5, what is 10 + 4044200114?
4044200124
In base 12, what is 105a71 - -21?
105a92
In base 10, what is 1 + 2469077?
2469078
In base 15, what is -45 + 254b65?
254b20
In base 12, what is 1762 + 2177b?
23321
In base 8, what is -7215 + 2432?
-4563
In base 3, what is 122102222 + 11011202?
210121201
In base 14, what is 926 - -9b?
9c3
In base 10, what is -4022978 + -2?
-4022980
In base 13, what is -65a5abc7 + -5?
-65a5abcc
In base 13, what is 3 + 480c050?
480c053
In base 13, what is -2 + -12b8064?
-12b8066
In base 6, what is -101 - 23333533?
-23334034
In base 7, what is 1 - 2033235?
-2033234
In base 3, what is -1 + -12121020001001?
-12121020001002
In base 16, what is 3386328 + -3?
3386325
In base 3, what is -1201001101121022 - 11?
-1201001101121110
In base 2